ose -4*k + 2*g = -8, -2*g - 9 = -5*k + 3. Let c be h(k). Let u = c - 46. What is the units digit of u?
1
Suppose 0 = -z + 3*d + 19402, 0 = 105*z - 106*z - 5*d + 19426. What is the hundreds digit of z?
4
Let v = 125 - 135. What is the tens digit of (v/(-8) + -1)/((-4)/(-21136))?
2
Let d = -1251 + 2838. Suppose d = 2*w + 583. What is the tens digit of w?
0
What is the hundreds digit of (-1)/1*(-184149)/37?
9
What is the hundreds digit of 610/183 + 62213/3?
7
Suppose 9*a - 4*a - 10 = 0, 2*u + 3*a = 120. Suppose -9*j + 51 + u = 0. Suppose j*c = 18*c - 546. What is the tens digit of c?
9
Suppose 304965 = 403*f - 376*f. What is the thousands digit of f?
1
Suppose 2*a - 1386 = 5*f, -6*a = -3*a - f - 2092. Let o = a - 160. What is the hundreds digit of o?
5
Let x be (5/(20/(-24)))/(-2). Suppose -k - i - 9 = 0, -x*k + 5*i = -5*k - 33. What is the tens digit of (18/3)/(k/(-8))?
1
Let i = 149 - 136. Suppose i*r = 7*r + 1968. What is the units digit of r?
8
Let p(n) = -486*n + 1457. What is the tens digit of p(-17)?
1
Let b(g) = -306*g**2 + 7*g + 9. Let h(o) = -304*o**2 + 8*o + 10. Let l(f) = -5*b(f) + 4*h(f). What is the tens digit of l(-1)?
1
Let y(w) = -w**2 - w - 1. Let i(u) = -2*u**3 + 5*u**2 + 6*u - 15. Let l(z) = -i(z) - y(z). What is the units digit of l(7)?
1
Let b = 32140 - 22530. What is the units digit of b?
0
Let l(k) = -k**3 - 29*k**2 - 216*k + 17. What is the ten thousands digit of l(-40)?
2
Suppose 10*w = 231168 + 13922. What is the tens digit of w?
0
Let l(j) = j + 17. Suppose 0 = 2*f + 5*p - 6, 0*f - 3*p = -4*f - 14. Let x be l(f). What is the tens digit of (9/x*-13)/(2/(-10))?
3
Let d = 14 - 11. Suppose -4*m + 2*j = -m - 103, 5*j + 91 = d*m. What is the tens digit of (1*m/1)/((-3)/(-9))?
1
What is the thousands digit of 59/((-12*(-8)/28944)/((-4)/(-9)))?
7
Suppose -143414 - 3448 = -28*v + 70782. What is the hundreds digit of v?
7
Let z = 636 + -155. Suppose -2*p - 2*s + 2605 = -z, 0 = -p - 2*s + 1541. What is the tens digit of p?
4
Suppose -3*d - 622 - 3143 = 4*s, -3*s = 0. Let l = d + 2098. What is the units digit of l?
3
Suppose 87*h - 11*h + 54*h - 913510 = 0. What is the hundreds digit of h?
0
Let l(d) = d**3 + 10*d**2 - 6*d - 2. Let w be l(-8). Let c be 3 - 3 - (-9 + 3 - -1). Suppose -i + 67 = -c*o, 3*o = 3*i + 21 - w. What is the tens digit of i?
4
Let q(n) be the first derivative of -n**4/4 - 29*n**3/3 - 95*n**2/2 - 93*n - 5. What is the hundreds digit of q(-27)?
0
Suppose 150 = -25*w + 6375. Let m(k) = -k**3 - 2*k**2 - 3*k - 1. Let i be m(-2). Suppose -2*j = -i - w. What is the hundreds digit of j?
1
Let d be ((576/(-30))/(-8))/(4/170). Let x = 101 - d. Let c(m) = -116*m - 3. What is the tens digit of c(x)?
1
Suppose 0 = 12*i + 12*i - 25344. Let u = i - 550. What is the hundreds digit of u?
5
Let z = -43 + 71. Suppose 5*c = 3*c + z. What is the units digit of 68 + 2/7 + 10/c?
9
What is the hundreds digit of 86/(-1419) + (-598558)/(-66)?
0
Let l = -124 + 124. Suppose 4*y + 826 - 2018 = l. What is the units digit of y?
8
Let n = 447 + -109. Let l = n + -222. What is the tens digit of l?
1
Let l(m) = -176*m + 2993. What is the thousands digit of l(-68)?
4
Suppose 24*a = -26 + 146. Suppose 2*o + 4*u + u - 465 = 0, 1203 = a*o - u. What is the hundreds digit of o?
2
Let v = -61 - -71. Let u(a) = 2*a**3 - 20*a**2 + a - 14. Let y be u(v). What is the units digit of ((2 - -1) + y)/((-2)/314)?
7
Suppose -34383 = 6*b - 9*b + 4*l, 3*l = -4*b + 45869. What is the thousands digit of b?
1
Let u be 177*(10/5 + -3). Let s = 257 - u. What is the units digit of s?
4
Let s be (-310)/(-12) + 135/(-162). What is the hundreds digit of (-4975)/(-4) - (1 + s/(-20))?
2
Suppose 4*r - 29709 = -j, r - 88*j - 7425 = -86*j. What is the tens digit of r?
2
Let z be 8/(-16) + (-609)/2. Let m be (z/(-10) + 4)*10. Let b = -186 + m. What is the hundreds digit of b?
1
Let a = 52 + -50. Let x be a + (3/(-6) - 154/(-4)). What is the tens digit of (110/(-15))/(x/42 + -1)?
5
Let f(y) = 7*y + 14. Let d be f(-2). Suppose d = -5*m + 880 - 140. What is the tens digit of m?
4
Suppose -85*q + 11415996 = 317*q. What is the thousands digit of q?
8
Let r(t) = -394*t + 480. What is the hundreds digit of r(-17)?
1
Suppose -11*z + 22815 - 2861 = 0. What is the thousands digit of z?
1
Let q = -86720 - -154964. What is the hundreds digit of q?
2
Let n be 10/12*-2*(-1 + -2). Suppose n*j + t + 1118 = 0, -4*j - 999 = -t - 101. Let p = 363 + j. What is the hundreds digit of p?
1
Let o be 86/18 - 10/(-45). Suppose -2*n - 4 = -2*j, -o*n - 2*j = 2*j - 17. What is the tens digit of n + ((-6)/(-14) - 2648/(-28))?
9
Suppose -5 + 6 = x, 259004 = 5*a - x. What is the tens digit of a?
0
Suppose 3*s + 319*n - 12892 = 323*n, n - 2 = 0. What is the units digit of s?
0
Let i = -363 + 291. Suppose 0 = -5*n + 205 - 745. Let o = i - n. What is the tens digit of o?
3
Suppose h - g = 343, 0*g + g = -4*h + 1357. Suppose -h = 13*p - 18*p. What is the tens digit of p?
6
Suppose 0 = 89*b - 428154 - 203301. What is the thousands digit of b?
7
Suppose 2*h - 6*h = -2*g + 68, -2*h + 44 = 2*g. What is the hundreds digit of (-8)/(-52) + -5 + 9642/g?
3
Suppose -r - 13327 = 4*x - 36048, x + 4*r - 5699 = 0. What is the tens digit of x?
7
Suppose 117*m + 15 = 122*m. What is the hundreds digit of (-4238)/(-13)*(m - 2)?
3
Let n be 12*((-15)/(-9))/5. Let x(k) = 1 - 5*k**2 + 3*k**2 + 3*k**2 + 3*k**2. What is the units digit of x(n)?
5
Let q = 291 + -177. Let c = q - 101. What is the units digit of c?
3
Let h = 346 - 254. Suppose -2*i + 396 = 4*j, -5*i = j - h - 943. What is the hundreds digit of i?
2
Let t = -66 - -87. Let p = -18 + t. Suppose -p*u + 4*s = -0*s - 640, 3 = -3*s. What is the tens digit of u?
1
Let w = -13530 + 13746. What is the tens digit of w?
1
Let z be 300/(-250)*5*93. Let m = 61 - z. What is the units digit of m?
9
Let a = -141 - -186. Let v(o) = -o**3 + 44*o**2 + 54*o - 91. What is the tens digit of v(a)?
1
Suppose 22*w - 24*w - 52 = 0. What is the units digit of (-1 - 13152/w) + 96/624?
5
Let l(m) = -3*m**3 + 12*m**2 - 4*m + 3. Let u(c) = 13*c**3 - 47*c**2 + 15*c - 13. Let y(t) = 9*l(t) + 2*u(t). What is the units digit of y(11)?
8
Suppose 3*c = -4*a + 46551, 12*a + 5*c + 58180 = 17*a. What is the hundreds digit of a?
6
Let a = 25 + -2. Suppose 24 = 19*q - a*q. Let s(z) = 5*z**2 + 8*z + 15. What is the hundreds digit of s(q)?
1
Let k(m) = 7*m - 3 - 10 + 4*m + 6*m**2 + 17. Let x be k(-5). Suppose 35 = a - x. What is the hundreds digit of a?
1
Let u = 6 - 3. Let v(b) = -3*b**3 - 4*b**2 + 17*b + 8. Let s(w) = -w**2 + 6*w + 1. Let k(f) = 3*s(f) - v(f). What is the tens digit of k(u)?
8
Suppose -222460 = 254*y - 289*y. What is the thousands digit of y?
6
What is the hundreds digit of 5739*(-300)/(-945) - 4/(-42)?
8
Suppose -361*x = -360*x - 1368. What is the thousands digit of x?
1
Suppose 11350*j - 11357*j + 72205 = 0. What is the thousands digit of j?
0
Let j(n) = 5*n**3 - 6*n - 3. Let l = 759 + -753. What is the tens digit of j(l)?
4
Let t(p) = p**2 - 7*p. Let c be t(3). Let g be (c/24)/(2/(-28)). Suppose g*a = 4*x + 3*a - 148, 2*a = 4. What is the units digit of x?
9
Let s(n) = 2*n**3 + 10*n**2 + 17*n - 9. Let o(b) = 4*b**3 + 19*b**2 + 32*b - 19. Let w(a) = 2*o(a) - 5*s(a). What is the thousands digit of w(-10)?
1
Suppose -2773 = 18*t - 12025. Suppose -2*j - t = -2*m, -257 = -8*m + 7*m - 3*j. What is the tens digit of m?
5
Let d(b) = 25*b - 26. Let s(j) be the first derivative of j**4/4 + 5*j**3/3 + j**2 - 4*j + 35. Let x be s(-4). What is the units digit of d(x)?
4
Let h be 143/(-220)*-8*(-70)/(-4). Suppose h*k = 110*k - 26733. What is the hundreds digit of k?
4
Let q(o) = -3*o**2 - 13*o + 43. Let b(k) = 2*k**2 + 9*k - 29. Let x(c) = -7*b(c) - 5*q(c). Let n be x(-12). Let l = n - 53. What is the units digit of l?
5
Let h = 554 - -5907. What is the units digit of h?
1
Let u = -8818 + 23360. What is the units digit of u?
2
Let q(g) = 15*g + 51. Suppose 321 - 105 = 18*j. What is the units digit of q(j)?
1
Let q(z) = 6*z**3 + z**2 - 4*z - 6. Let v = 3 + 1. Let j be q(v). Suppose 9*m - j = 2*m. What is the units digit of m?
4
Suppose -10*k + 2430 = 2470. Let y(v) = -20*v - 6 + 4 + 6. What is the tens digit of y(k)?
8
Let c = -383 + 371. What is the tens digit of (-72)/96 - 6657/c?
5
Let k = -114988 - 